the tens digit of t?
3
Suppose d = -d + 2. What is the units digit of (39/15 + d)/(2/5)?
9
Let j(p) = p**3 + 5*p**2 - 7*p - 4. Let r be j(-6). Let b(o) = 17*o**r - o**3 + 9 + 6 - 11*o + 15*o**2 - 19*o**2. What is the tens digit of b(12)?
2
Let m(d) = -32*d - 16. Let i(x) = 11*x + 5. Let c(y) = 7*i(y) + 2*m(y). Let o be c(-7). What is the tens digit of 9/21 + o/(-7)?
1
What is the units digit of 1/(-7) - 17520/(-42)?
7
Suppose 3*n - 3 = 4*n. Let h(i) = -4*i + 4. Let v be h(-2). What is the units digit of n/(1*v)*-28?
7
Suppose -13*t - 2121 = -5358. What is the tens digit of t?
4
Let c(b) = 35*b + 6. What is the hundreds digit of c(7)?
2
Let s be 9/(-3*3/(-9)). Let k be (80/(-12))/((-6)/s). Suppose 5*r - 165 = -k. What is the units digit of r?
1
Suppose 6*y - 2*y - 308 = 0. Suppose -29*n + y = -28*n. What is the units digit of n?
7
Suppose 9 = -47*s + 50*s. Let m = 69 - 49. Suppose s*c - c = m. What is the units digit of c?
0
Let w(l) = 3*l**3 - 4*l**2 - 10*l + 15. Let f be w(6). Suppose -3*t + f + 150 = 0. What is the hundreds digit of t?
2
Suppose 3*i - 77 - 118 = 0. Suppose -2*s + 43 = -5*p, 0 = 4*s - 0*p - 3*p - i. Suppose -2*v - 5*b + s = -3*b, -20 = -4*b. What is the units digit of v?
2
Let y(v) = -v**2 + 12*v + 4. Let z be y(12). Suppose z*d = d + 117. What is the tens digit of d?
3
Let w(v) = -v**3 - 2*v**2 - 3*v + 1. Let p be w(-3). Suppose -5*x - p = 21. Let q = x + 14. What is the units digit of q?
6
Let m(d) = -d**3 + 4*d**2 + 5*d + 2. Let t be m(5). Suppose -180 = -5*r + 5*h, 3*r = r - t*h + 84. What is the tens digit of r?
3
Let h(u) = 30*u**2 + 2*u - 3. Let l be h(-3). What is the units digit of ((-6)/(-18))/(3/l)?
9
Let x(c) = c**3 - c**2 - 8*c + 12. Suppose -3*o - p + 21 = 0, p = 3*o - 0*p - 15. What is the tens digit of x(o)?
4
Let f(c) be the second derivative of c**4/12 + c**3/2 - c**2/2 - 9*c. Let r be f(-4). Suppose 67 = r*i - 5*m, m = -i + 3*m + 21. What is the tens digit of i?
2
Suppose 110*g + 408 = 112*g. What is the units digit of g?
4
Suppose -3*i + 468 = -2436. What is the tens digit of i?
6
Suppose -5*i - 7 = -3*v - 17, 4*i = -v + 25. Suppose -8 - 12 = -v*h. Suppose h*t + 20 = 9*t. What is the units digit of t?
4
Suppose 24 = -5*t - 0*t - 2*x, -3*t - 3*x - 18 = 0. Let o = 23 + t. What is the units digit of o?
9
Let d = 13356 - 7816. What is the units digit of d?
0
Let k(w) = 25*w**2 + 27*w - 121. What is the hundreds digit of k(11)?
2
Suppose -22*z = -2*z - 19040. What is the tens digit of z?
5
Suppose 4 = 5*p + 4*v, -4*p + 46 - 10 = -5*v. Suppose 0 = p*s + 5 + 11, -a - 85 = -5*s. What is the tens digit of (a/12)/((-2)/8)?
3
Suppose 0 = 15*d - 6*d - 1296. Suppose 4*u = 8*u - d. What is the tens digit of u?
3
Suppose -3*j + 4 = 16. Let s = 9 + j. Suppose -s*l + 1 = -24. What is the units digit of l?
5
Let c(x) = -x**2 - 6*x + 8. Let w be c(-7). Let h be w/((-1)/(-2)) + 0. Suppose k + 1 - h = 0. What is the units digit of k?
1
Let b(l) = 0*l - 5*l + 34*l. What is the tens digit of b(3)?
8
Suppose 5*b - 11 = 2*u + 10, 0 = -b + 5*u + 18. Suppose -2*p + 4 = 2*y, -3*y + 2 = 4*p - 3*p. What is the units digit of (p/4)/(b/198)?
3
Suppose -109 = -2*k + 67. Suppose 16*a + 141 = 17*a. Let y = a - k. What is the units digit of y?
3
Let v(n) = -n**2 + 3*n + 2. Let i(q) = 3*q**2 - 5*q**2 - 3 + 4*q**2 - q**2 - 5*q. Let o(d) = -4*i(d) - 7*v(d). What is the tens digit of o(-2)?
1
Let l(h) = -h - 1. Let b(n) = 3*n**2 - 5*n + 6. Let i(g) = b(g) + l(g). What is the hundreds digit of i(8)?
1
What is the tens digit of (-4)/(-36)*3 - (-1342)/6?
2
Suppose 0 = 4*m + 2*o + 14, -3*o = 2*m + 2*o + 27. What is the tens digit of ((-12)/3 - m) + 117?
1
Let y(c) = c**3 + 6*c**2 - c - 14. Let p be y(-6). Let f be (-122)/(-18) + p/(-36). Suppose -6*r + 95 + f = 0. What is the tens digit of r?
1
Let w be 5/(-1)*(-6 - 7). Let k = w - 48. What is the units digit of k?
7
Let c(w) = -w**3 + 4*w**2 - 3*w + 3. Let k be c(3). Let z(g) = 8*g**2 - 4*g + 3. Let y be z(k). What is the units digit of y/(-27)*(-48)/2?
6
Suppose 6*g = -4 - 2. What is the units digit of (33/15)/(g/(-5))?
1
What is the units digit of (-56)/(-32) + (-9042)/(-8)?
2
Suppose 0 = -y - 3*y - 192. Let m = -67 - y. Let d = 6 - m. What is the tens digit of d?
2
Let b be 23/(-92)*(-1 + 1). Suppose -4*g + 112 + 16 = b. What is the tens digit of g?
3
Let z(p) = 2*p**2 - 4*p - 98 + p - 3*p**2 + p. Let k be z(0). Let u = k + 145. What is the units digit of u?
7
Let d = 3943 + -2179. What is the thousands digit of d?
1
Let l be 101/1 + -6 + 6. Let y = -18 + l. What is the units digit of y?
3
Suppose -2*m - 3*c + 9619 = 0, 0 = -2*m + 3*c + 8032 + 1569. What is the hundreds digit of m?
8
Let b(u) = u**3 + 26*u**2 - 19*u + 41. What is the units digit of b(-26)?
5
Let h(m) = -m**3 - 27*m**2 + 16*m - 63. What is the tens digit of h(-29)?
5
Let b = -1033 - -4499. What is the thousands digit of b?
3
Let q(c) be the third derivative of c**6/120 - 2*c**5/15 + c**4/3 + c**3/2 - 8*c**2. What is the tens digit of q(7)?
1
Let l(j) = -67*j - 32. What is the hundreds digit of l(-7)?
4
Let g(d) = 3*d + d**3 - 15 + d + 7*d + 0*d + 16*d**2. What is the units digit of g(-15)?
5
Suppose -p - 90 = q + p, -5*q - 4*p = 456. Let w = 245 + q. What is the hundreds digit of w?
1
Let p(c) = 62*c - 2. Let m(z) = -93*z + 3. Let s(j) = -5*m(j) - 7*p(j). What is the tens digit of s(2)?
6
What is the tens digit of (-8289)/(-16) + 32/(-512)?
1
Let c = 228 + -106. What is the hundreds digit of c?
1
What is the hundreds digit of 2032*(-4)/(-8) - (-8 - -10)?
0
Let b(o) = -4*o**2 + 2*o + 2. Let i be b(-2). Let p be (-877)/6 + (-3)/i. What is the units digit of 21/(-14)*p/3?
3
Let a be 16/(-24) + 2/3. Suppose -2*n + s + 3 = 0, -4*n + a*n = 3*s + 9. Suppose 3*x + 2*x - 95 = n. What is the tens digit of x?
1
What is the tens digit of (-11 + (-221)/(-34))*(-1744)/6?
0
Let d be (-1)/5 + (-4 - (-903)/15). Suppose 2*v - 3*v = -d. What is the units digit of v?
6
Let p = 152 - -368. What is the hundreds digit of p?
5
Suppose -4*b + 9*b = 20. Let x = 3 - b. What is the units digit of 8 - (2 + 0 - x)?
5
Suppose 84 = 7*s - s. Let u = 66 - s. What is the tens digit of u?
5
Suppose -3*z + 3*g = -7*z + 3, 2 = 2*g. Suppose -u = 2*j - 2 - z, -2*u + 5*j = -4. Suppose -10 = -0*m - u*m. What is the units digit of m?
5
Let k(c) = -c + 9. Let o be k(-5). Suppose -o = -2*v - 2*x, -2*v + 4*x = -v + 8. Suppose -3*u - 60 = -5*s, -v*u + 3 + 17 = 0. What is the tens digit of s?
1
Suppose 6*h + 20 = 2*l + h, 0 = -4*l - 2*h + 16. Suppose 0 = k + l*k + 270. Let o = k - -69. What is the units digit of o?
4
Suppose -4*x + k = -9*x - 42, -4*x + 5*k - 22 = 0. Let m = -2 + 1. What is the units digit of m*8/(x/2)?
2
Let p be ((-72)/(-15))/(3/(2 - -13)). Suppose -5*c + 365 = 5*i, -i - c + 68 = c. Let t = i - p. What is the tens digit of t?
5
Let k(u) = -u**2 - 6*u - 5. Let q be k(-4). Suppose -2*w = 5*y - 7*w + 45, 0 = q*y + 5*w + 27. Let g = 28 + y. What is the units digit of g?
9
Suppose 0 = 3*r + 2*r - 1060. Suppose -4*y - 36 = -r. What is the tens digit of y?
4
Let v(o) = o**3 + 5*o**2 - 3*o + 4. What is the hundreds digit of v(6)?
3
Let i(g) = 31*g + 11. Let f be i(7). Let o be (-6)/9 - f/9. Let x = 2 - o. What is the units digit of x?
8
Suppose -4*u + 116 = w, 2*u = -3*u + 5*w + 170. Let y be 2/(-3) - (-800)/u. Suppose 3*m - y = i - 2*i, i + m = 24. What is the tens digit of i?
2
Suppose 4*t - 3*t - 1629 = 3*i, 6496 = 4*t - 2*i. What is the tens digit of t?
2
Suppose 2*y - 438 = -5*j, -148 = -y - 5*j + 81. Suppose -y = -4*l - h, l = 2*l - 5*h - 68. What is the units digit of l?
3
Let k(y) be the third derivative of -y**6/120 - 7*y**5/30 - y**4/12 + y**3/3 + y**2. What is the units digit of k(-14)?
0
Suppose -4 = 4*k + 36. Let l(f) = -3 - 10*f**2 - f - f - 3*f**3 + 2*f**3. What is the tens digit of l(k)?
1
Let j(w) be the second derivative of -w**5/20 - 3*w**4/4 + 3*w**3/2 + 25*w**2/2 - 10*w. What is the units digit of j(-11)?
8
Let g(o) be the second derivative of -o**3/3 - o**2 - 10*o. Let h be g(-2). What is the tens digit of -4 + 65 - (2 + h)?
5
Suppose 95 - 70 = 5*f. Suppose 138 = 2*q + 2*q + f*t, 36 = q + 2*t. What is the units digit of q?
2
Let v = -162 + 81. Suppose -5*n + 4*x = 162, -2*x + 24 = -n + 3*x. Let k = n - v. What is the tens digit of k?
4
Let